irst derivative of -2*x + 4 - x**2 - 16 + 6*x. Calculate n(4).
-4
Let i(k) = -2 + 2*k**2 + 4*k + 2*k - 3*k**2. Let b be 8/(-12) - (-16)/(-3). Let c be ((-17)/((-255)/40))/((-4)/b). Give i(c).
6
Let x = 54 - 51. Let a(q) = -x + 2*q + 5 - 4*q + 0*q. Let h = 3 - -2. What is a(h)?
-8
Let o(t) = -t**3 + 7*t**2 + 2*t + 1. Let a(i) = -i - 1. Suppose -6*q + 4*q = -12. Let h(u) = q*a(u) + o(u). Calculate h(6).
7
Let h(w) = 12*w + 5*w**2 + 6 + w**3 - 5 - 10*w. Let v(k) = -5*k**3. Let j be v(-1). Suppose 4*n - 3 = j*z + 13, -1 = n. Determine h(z).
9
Let g(v) = -2*v + 2. Let j(o) = -9*o - 48. Let i be j(-5). Determine g(i).
8
Let f(k) be the first derivative of -3*k**2 - 2*k - 396. Calculate f(0).
-2
Suppose 0 = -4*g + 4*z + 28, -2*z = 5*g - 2*g - 6. Suppose 2*d - 4*d + g = 0. Let y(s) = 4 + s + 0 - d*s. What is y(3)?
1
Let o be 0 + (-291)/(-57) - (-54)/(-513). Let k(j) = -j**3 + 4*j**2 + 6*j + 6. Determine k(o).
11
Let b(v) be the second derivative of -v**4/6 + v**3/3 + v**2/2 - 3*v. Let c be (-14)/(-3)*6/4. Suppose 3*h = -2*g + h - 6, h + c = -5*g. Determine b(g).
-3
Let y(s) = -s. Let f be (0 + 6/4)/((-8)/48). Give y(f).
9
Suppose -2*h + 5*h = 0, -p + 3*h + 5 = 0. Let x(i) = -4 + 2 + p*i + 3 + 6*i. Determine x(1).
12
Suppose 23 = q - 4*f - f, -9 = 2*q + f. Let k(y) = -12*y - 2. Determine k(q).
22
Let g be (-2440)/45 + 2/9. Let a be (-6)/10 + g/(-15). Let p(m) = 2 + 2*m**a - m**3 + m**2 + m - 1. Calculate p(-2).
-5
Let j(o) = o**2 + o + 11. Suppose -f + 6 = -4*u, 5*u = -2*f - 3 + 2. Suppose -3*p = p - f*p. Calculate j(p).
11
Let r(o) = -23*o - 19. Let a(q) = 57*q + 45. Let w(u) = -5*a(u) - 12*r(u). Give w(-4).
39
Let m be -9 + (1 - -1) + -1. Let i = m - -6. Let v(n) = 2*n**3 + 5*n**2 + 40 - 3*n - 4*n**2 + 42 - 85 + n**2. Determine v(i).
-5
Let q(p) = -p**2 - 9 + 7 + 3*p - 7*p + 8. Suppose 0 = h + 3 + 3. Determine q(h).
-6
Suppose -d - 10 = -31. Suppose 6*t + 51 = -d. Let w(f) = -f**3 - 11*f**2 + 13*f + 1. Determine w(t).
-11
Let t(z) = -6*z + 32. Let i be t(5). Let f(x) = 1 - i + 3 - 5 - 5*x. What is f(-3)?
12
Let u be (-2)/7 + 2/7. Let l(k) = k**2 - 3. Give l(u).
-3
Let m(p) be the third derivative of -p**6/30 - p**5/60 + 466*p**2. What is m(1)?
-5
Let a(z) = 2*z**2 + z + 1. Let n(u) = 18*u**2 + 5*u + 7. Let p(y) = -6*a(y) + n(y). What is p(1)?
6
Let p be (-12)/(-54) - (-86)/18. Let b(s) = 4*s**3 - p + 10 - 2*s - 4. Calculate b(1).
3
Let s be (-27 + 24)*(-4)/3. Let b(y) = 4 - y + 9*y + y**2 - s*y. Let g(w) = -2*w + 1. Let c be g(2). Give b(c).
1
Suppose -1 = -u + x + 19, 4*u = -3*x + 80. Let l(a) = -u - a + 17 + 9. Calculate l(10).
-4
Let c(r) be the second derivative of -r**3/6 - 2*r**2 - 215*r - 2. Let v(g) = -g**2 - 5*g + 6. Let o be v(-6). Give c(o).
-4
Let i = -35 + 28. Let x be i + (3 - 0 - -1). Let o(l) be the second derivative of -l**4/12 - l**3 - l**2/2 - l. Give o(x).
8
Let d(g) = 4*g**3 - 23*g**2 + g + 12. Let i(a) = 5*a**3 - 26*a**2 + a + 13. Let t(v) = -6*d(v) + 5*i(v). Calculate t(-8).
1
Let k be (0 - 22)*(7 - 13). Let u(m) = -63*m + 1 + k*m - 67*m. Determine u(-5).
-9
Suppose 0 + 3 = -h, 0 = -2*x + 5*h + 71. Suppose -r - 4*s = -x, 0 = 3*s - 5*s + 10. Let z(b) = 2*b - 8. Give z(r).
8
Let k(g) be the first derivative of -g**3/3 + 9*g**2/2 - 5*g + 3. Let c(j) = -7*j - 140. Let r be c(-21). What is k(r)?
9
Let a(y) = y - 8. Let d(v) be the second derivative of v**5/20 + 5*v**4/12 - v**3 + 3*v**2 + 14*v. Suppose 4*s + 24 = -0*s. Let g be d(s). Determine a(g).
-2
Let u(n) = 2*n**2 + 18*n + 6. Let b be 18/4*(-26)/(-1 - -14). What is u(b)?
6
Let o(z) be the second derivative of 0 - z**3 + 1/2*z**2 - 30*z. Determine o(-1).
7
Let y be -15*30/75 - (-2)/(-1). Let w(a) = a**3 + 10*a**2 + 18*a + 12. Calculate w(y).
-4
Let g(q) = q**3 + 2*q**2 - 4*q - 5. Let p be (25 - (1 - -22))/((-2)/(-28)). Suppose 0*y = -y - 32. Let c = y + p. Give g(c).
-21
Let k(w) = 29*w - 3. Let q be k(0). Let r(f) = f**2 + 4*f - 7. Calculate r(q).
-10
Let j(h) be the first derivative of -h**5/60 - 7*h**4/24 + 8*h**3/3 - 3. Let x(u) be the third derivative of j(u). What is x(5)?
-17
Let i(c) = -9*c - 9. Let f(s) = 7*s + 8. Let k(v) = -6*f(v) - 4*i(v). Give k(-6).
24
Suppose 0 = 2*u - 3*u - 5*s - 25, 2*u - 15 = 3*s. Suppose u*y = -2*y + 4, 4*y - 20 = 3*o. Let v(z) = 2*z**2 + 5*z - 3. Calculate v(o).
9
Let p(c) = -2*c - 1. Let j(i) = 2*i**3 - 6*i**2 + 2*i - 1. Let v(h) = 5*h**3 - 17*h**2 + 5*h - 3. Let m(z) = -8*j(z) + 3*v(z). Let r be m(-2). Determine p(r).
5
Let v(j) be the first derivative of -3*j**2 + 1/24*j**4 - 2/3*j**3 + 2 + 0*j. Let n(l) be the second derivative of v(l). Calculate n(0).
-4
Let n = -217 + 211. Let o(u) = u**2 + 6*u + 1. Give o(n).
1
Suppose -5*v + 3*i + 50 - 7 = 0, v + i - 7 = 0. Let p(r) = -2*r + 12. Calculate p(v).
-4
Let h(z) = 7 + 0*z + 9*z - 2*z**2 - 3*z**2 + 0*z**3 - z**3. Let d(l) = 4*l + 38. Let y be d(-11). Give h(y).
-11
Let y(a) = 22*a - 63*a + 15*a - 2*a**2 + 27*a - 1. What is y(1)?
-2
Let s(y) = -y**2 - 5*y + 2. Let o be s(-5). Let r(d) = 5*d**3 - 3*d**3 + o*d**3 - d**2 - d - 3*d**3. Give r(-2).
-10
Let p(w) be the third derivative of w**6/120 + 4*w**5/15 + 13*w**4/24 - 11*w**3/3 - 121*w**2. Give p(-15).
8
Suppose -2*s + 80 - 62 = -q, -4*q + 32 = 5*s. Let f(z) = 7*z + 2*z - z**3 + 7*z**2 - 2 - 1. Give f(s).
5
Let k = -1042 + 1052. Let l(y) = -y**3 + 9*y**2 + 7*y - 10. Calculate l(k).
-40
Let g = 0 - -1. Let p(f) = 2*f + 1. Let y(n) = 7*n + 4. Let j(u) = -4*p(u) + y(u). Give j(g).
-1
Let s(q) be the second derivative of -q**8/6720 + q**7/504 + q**6/120 + q**5/60 - 5*q**4/12 - 8*q. Let a(f) be the third derivative of s(f). Determine a(6).
2
Let v = -435 + 445. Let m(y) = -y**2 - 6*y**2 - 11*y + 10 - y**2 - y**2 + y**3. Give m(v).
0
Let l(x) = -6*x**3 - 1. Let p(i) = -i**3 + 14*i**2 + 14*i + 15. Let y be p(15). Let f = 2 + -1. Let o = f - y. What is l(o)?
-7
Let x(j) be the second derivative of j**4/6 + 5*j**3/6 + 2*j**2 - 71*j - 2. Give x(-3).
7
Let o(g) = 1551*g + 9 + 1547*g - 3095*g. Give o(8).
33
Let a(d) = 2*d**3 + 4*d**2 + 7*d + 4. Let r(g) = g**3 - g**2 - g - 1. Let z(y) = -a(y) - 5*r(y). Let h(v) = -v - 5. Let b be h(-6). What is z(b)?
-7
Let k(i) = -i + 26. Let s be 16/(-4) + 85/5. Determine k(s).
13
Let y(r) be the first derivative of -r**3/3 + 11*r**2/2 + 4*r + 90. Give y(11).
4
Let j(q) = -50*q**2 + 1. Let z be ((-12)/(-78))/((-18)/(-117)). Determine j(z).
-49
Suppose 5*c - 40 = -3*u, -2*c + 0*c = -4. Let f(o) = 3*o**2 - 9 + 5 + 7 - u*o. Let g(n) = 16*n**2 - 51*n + 14. Let d(s) = -11*f(s) + 2*g(s). What is d(5)?
10
Let p(i) be the third derivative of 0*i + 1/60*i**5 + 15*i**2 + 0 + 1/2*i**3 + 1/8*i**4. Give p(-2).
1
Let u(n) = 7 + 4 - n - 11. Let x(a) = 6*a - 6. Let d(l) = -3*u(l) - x(l). What is d(6)?
-12
Let l(n) = -n**3 - 4*n**2 + n. Suppose -2*o = i + 10, 2*o = 5*i - 0 + 2. What is l(o)?
-4
Suppose 0 = 2*z - r, 2*z + 8*r - 24 = 3*r. Let k(x) = 15*x**2 - 2*x + 1. Calculate k(z).
57
Suppose 5*t - 2*t = 6. Let f(k) = 3 + 9 - 17 - t*k**2 + 7*k. Let b be (3 - 12)/(-3) + 1. Calculate f(b).
-9
Let o be 5 + (-2 - -2 - 2). Let t(z) = -13*z**2 - 3*z + 6. Let g(l) = 9*l**2 + 2*l - 5. Let h(a) = -3*g(a) - 2*t(a). What is h(o)?
-6
Suppose -4 = 5*w + 2*n - 13, -2*n = -w + 9. Suppose -z + w*z - 4 = 0. Let x(h) = 2 - 1 - 4 - 3*h**2 - h**3 + 4*h**2 + 2*h. What is x(z)?
-3
Let o(x) = -x**2 - 6*x - 6. Let i(j) = -3*j - 3. Let p be i(-2). Suppose f + p = 6. Let s be 4 - f - 4 - 3. Calculate o(s).
-6
Let t(o) be the third derivative of 5*o**4/24 - o**3/6 - 130*o**2 + 2*o. Calculate t(4).
19
Let h(j) be the second derivative of j**7/840 + j**6/360 - j**5/120 - 13*j**4/24 + 13*j**3/6 - 20*j. Let k(s) be the second derivative of h(s). What is k(0)?
-13
Let h be ((-8)/10)/(-10*5/(-375)). Let y(b) be the third derivative of b**6/120 + b**5/10 + b**4/12 + 3*b**3/2 + 15*b**2. What is y(h)?
-3
Let j = 20 - 14. Let a(w) = -6*w + 100 + w**2 - 55 - 52. Give a(j).
-7
Let b(t) = -t. Let h(f) = f**2 + 10*f + 1. Let z be h(-10). Let g(p) = -1 + 12*p + 1 + 3. Let i(d) = z*g(d) + 5*b(d). Give i(-2).
-11
Let f(s) = -4*s**3 + s**2 - s + 1. Let x(a) = -a - 3. Suppose 0 = -3*h - 5*q - 12, 8*h + 20 = 3*h - 3*q. Let u be x(h). Give f(u).
-3
Let f(x) = -2*x**2 - 2*x - 1. Let q(s) = -12*s**2 + 7*s + 4. Let a(k) = -5*f(k) + q(k). Determine a(9).
0
Let p(t) be the first de